
3, 5, 36821
What are the prime factors of 226513?
7, 32359
What are the prime factors of 902975?
5, 19, 1901
What are the prime factors of 2264888?
2, 283111
List the prime factors of 3430500.
2, 3, 5, 2287
List the prime factors of 9623850.
2, 3, 5, 83, 773
List the prime factors of 395892.
2, 3, 7, 1571
What are the prime factors of 1565858?
2, 7, 111847
List the prime factors of 185830.
2, 5, 18583
What are the prime factors of 8010024?
2, 3, 11, 30341
What are the prime factors of 9583609?
7, 89, 15383
What are the prime factors of 978107?
13, 75239
List the prime factors of 597824.
2, 9341
What are the prime factors of 2445387?
3, 7, 116447
What are the prime factors of 334070?
2, 5, 11, 3037
What are the prime factors of 15497127?
3, 1721903
List the prime factors of 32621224.
2, 4077653
What are the prime factors of 48760?
2, 5, 23, 53
List the prime factors of 622849.
622849
What are the prime factors of 19074?
2, 3, 11, 17
What are the prime factors of 32482037?
7, 59, 78649
List the prime factors of 388010.
2, 5, 7, 23, 241
What are the prime factors of 222036?
2, 3, 18503
List the prime factors of 3345894.
2, 3, 61961
What are the prime factors of 196504?
2, 7, 11, 29
What are the prime factors of 128572?
2, 32143
List the prime factors of 1208937.
3, 79, 5101
What are the prime factors of 172377?
3, 107, 179
List the prime factors of 43472.
2, 11, 13, 19
What are the prime factors of 199367?
7, 19, 1499
What are the prime factors of 21135843?
3, 37, 21157
List the prime factors of 1384353.
3, 153817
What are the prime factors of 1426040?
2, 5, 7, 11, 463
List the prime factors of 3478610.
2, 5, 167, 2083
What are the prime factors of 91545?
3, 5, 17, 359
What are the prime factors of 3625044?
2, 3, 269, 1123
List the prime factors of 126010.
2, 5, 12601
What are the prime factors of 2471976?
2, 3, 13, 19, 139
List the prime factors of 75903.
3, 25301
List the prime factors of 8825347.
1277, 6911
What are the prime factors of 727264?
2, 22727
What are the prime factors of 1288757?
389, 3313
List the prime factors of 1620301.
19, 107, 797
List the prime factors of 15627145.
5, 347, 9007
What are the prime factors of 38534?
2, 19267
List the prime factors of 312762.
2, 3, 52127
List the prime factors of 1222449.
3, 407483
List the prime factors of 1737204.
2, 3, 7, 20681
What are the prime factors of 1040038?
2, 520019
List the prime factors of 2283357.
3, 761119
What are the prime factors of 172213?
172213
List the prime factors of 591400.
2, 5, 2957
What are the prime factors of 1660689?
3, 61507
List the prime factors of 769759.
61, 12619
What are the prime factors of 15280421?
13, 1175417
List the prime factors of 645876.
2, 3, 7, 11, 233
List the prime factors of 107395.
5, 47, 457
What are the prime factors of 103057?
257, 401
What are the prime factors of 1907344?
2, 23, 71, 73
List the prime factors of 490492.
2, 47, 2609
List the prime factors of 684345.
3, 5, 43, 1061
List the prime factors of 914690.
2, 5, 7, 73, 179
List the prime factors of 4058686.
2, 1171, 1733
What are the prime factors of 3304992?
2, 3, 173, 199
What are the prime factors of 2534684?
2, 31, 20441
What are the prime factors of 1987969?
1987969
What are the prime factors of 92005?
5, 18401
List the prime factors of 41480.
2, 5, 17, 61
List the prime factors of 33316064.
2, 1041127
List the prime factors of 3455471.
17, 181, 1123
What are the prime factors of 684998?
2, 17, 20147
List the prime factors of 1899634.
2, 11, 79, 1093
List the prime factors of 9470797.
7, 19, 71209
List the prime factors of 71254.
2, 23, 1549
What are the prime factors of 66362?
2, 33181
What are the prime factors of 4298994?
2, 3, 7, 17, 223
List the prime factors of 1201467.
3, 31, 12919
What are the prime factors of 785455?
5, 11, 14281
What are the prime factors of 336134?
2, 168067
List the prime factors of 290728.
2, 36341
List the prime factors of 56684.
2, 37, 383
What are the prime factors of 108397?
61, 1777
What are the prime factors of 1049663?
1049663
What are the prime factors of 5999027?
29, 31, 6673
List the prime factors of 39400791.
3, 13133597
What are the prime factors of 592779?
3, 11, 23, 71
What are the prime factors of 17633?
7, 11, 229
List the prime factors of 510237.
3, 7, 13, 89
What are the prime factors of 20873396?
2, 5218349
List the prime factors of 71498.
2, 7, 5107
What are the prime factors of 3238268?
2, 11, 73597
What are the prime factors of 11510672?
2, 23, 31, 1009
List the prime factors of 1328704.
2, 13, 1597
What are the prime factors of 12781954?
2, 101, 63277
What are the prime factors of 21311379?
3, 2367931
List the prime factors of 4852615.
5, 199, 4877
What are the prime factors of 198206?
2, 99103
What are the prime factors of 5969183?
11, 71, 7643
List the prime factors of 28763398.
2, 271, 53069
List the prime factors of 345865.
5, 13, 17, 313
What are the prime factors of 1454244?
2, 3, 11, 23, 479
What are the prime factors of 3064468?
2, 11, 257, 271
What are the prime factors of 1002583?
1002583
List the prime factors of 944844.
2, 3, 78737
What are the prime factors of 14466729?
3, 641, 7523
What are the prime factors of 1528083?
3, 31, 5477
What are the prime factors of 3131825?
5, 17, 7369
List the prime factors of 548228.
2, 23, 59, 101
List the prime factors of 2068380.
2, 3, 5, 11491
List the prime factors of 13136643.
3, 13, 112279
List the prime factors of 6746986.
2, 1301, 2593
What are the prime factors of 9727370?
2, 5, 107, 9091
List the prime factors of 159472.
2, 9967
What are the prime factors of 5875698?
2, 3, 979283
What are the prime factors of 136276?
2, 7, 31, 157
What are the prime factors of 197085?
3, 5, 7, 1877
List the prime factors of 79566.
2, 3, 89, 149
List the prime factors of 81293.
81293
List the prime factors of 54371.
54371
What are the prime factors of 16944834?
2, 3, 2824139
What are the prime factors of 885240?
2, 3, 5, 2459
What are the prime factors of 74681?
17, 23, 191
What are the prime factors of 96985?
5, 7, 17, 163
List the prime factors of 1606815.
3, 5, 7, 5101
List the prime factors of 606642.
2, 3, 101107
List the prime factors of 19425522.
2, 3, 601, 5387
What are the prime factors of 6408?
2, 3, 89
List the prime factors of 177973.
17, 19, 29
What are the prime factors of 539127?
3, 37, 1619
What are the prime factors of 526539?
3, 13, 23, 587
List the prime factors of 5289255.
3, 5, 117539
What are the prime factors of 4690773?
3, 107, 4871
List the prime factors of 826353.
3, 11, 17, 491
List the prime factors of 887693.
887693
List the prime factors of 18992534.
2, 11, 521, 1657
What are the prime factors of 56225?
5, 13, 173
What are the prime factors of 411350?
2, 5, 19, 433
List the prime factors of 916778.
2, 593, 773
What are the prime factors of 255218?
2, 127609
List the prime factors of 5046.
2, 3, 29
What are the prime factors of 101355?
3, 5, 29, 233
List the prime factors of 9067214.
2, 13, 348739
What are the prime factors of 190413?
3, 21157
List the prime factors of 84766.
2, 11, 3853
What are the prime factors of 4797486?
2, 3, 311, 857
What are the prime factors of 3102185?
5, 620437
What are the prime factors of 104804?
2, 7, 19, 197
List the prime factors of 464988.
2, 3, 38749
List the prime factors of 382138.
2, 157, 1217
What are the prime factors of 2697055?
5, 103, 5237
List the prime factors of 550660.
2, 5, 11, 2503
What are the prime factors of 336983?
336983
List the prime factors of 7256568.
2, 3, 11, 27487
What are the prime factors of 3453473?
23, 150151
List the prime factors of 234264.
2, 3, 43, 227
What are the prime factors of 144547?
13, 11119
What are the prime factors of 126663?
3, 42221
List the prime factors of 735105.
3, 5, 7, 7001
What are the prime factors of 35165687?
31, 67, 16931
List the prime factors of 8902925.
5, 19, 18743
List the prime factors of 284807.
284807
What are the prime factors of 5927317?
11, 59, 9133
What are the prime factors of 105151?
71, 1481
What are the prime factors of 440019?
3, 43, 379
What are the prime factors of 31609706?
2, 15804853
What are the prime factors of 18947239?
23, 107, 7699
What are the prime factors of 7949617?
13, 67, 9127
What are the prime factors of 479541?
3, 19, 47, 1